. What is the greatest common factor of l and 597?
199
Suppose -v + 60 = 4*v. Suppose 4307 + 10195 = -391*g + 155262. Calculate the greatest common divisor of v and g.
12
Let i(a) = -a**2 + 12*a - 21. Suppose -18*h + 185 = 19*h. Let z be i(h). Calculate the highest common factor of z and 574.
14
Let p be 1/((-3)/(-108876)) - 64/(-8). What is the highest common divisor of 300 and p?
300
Let h(u) = u**3 - 24*u**2 + 122*u - 13. Let x be h(17). Calculate the greatest common factor of x and 1615.
19
Suppose 16*i - 15*i = 3*k + 207, k + 979 = 5*i. Let h = 15 + -10. What is the highest common divisor of i and h?
5
Let s = 25061 - 25001. Calculate the greatest common factor of s and 14380.
20
Suppose -g - 2*v + 28 = 0, 59*g - 56*g - 4*v = 104. Let b(u) = 6*u - 180. Let j be b(g). Calculate the highest common divisor of 84 and j.
12
Suppose 5*x + 1 = -4, 0 = 2*h - 3*x - 157. Let i = 82 - h. Suppose 604 = i*b - 536. What is the greatest common divisor of b and 12?
12
Let m be (5/4)/((-2655)/(-1332) + -2). Let f = m - -198. What is the highest common divisor of f and 13?
13
Let p = 3365 - 3350. What is the highest common factor of p and 2070?
15
Let r(o) = 10*o - 8. Let p be r(1). Suppose -2*h - p*z = -22, 2*h = -0*h + z + 13. Calculate the highest common factor of 96 and h.
8
Suppose -117*z = -1325944 + 322552. What is the highest common divisor of z and 134?
134
Let w be (-616)/(-21)*(-9)/6*-5. Let q be (w/66)/(10/48). What is the greatest common divisor of 16 and q?
16
Let a(t) = t**2 - 2*t - 2. Let j be a(8). Suppose 5*y - 16*s - 112 = -17*s, 4*y - s = 95. Calculate the greatest common factor of j and y.
23
Suppose 12 = -4*q - 56. Let u(z) = -20*z - 180. Let c be u(q). What is the highest common divisor of 240 and c?
80
Suppose 0 = -k - 3*h + 106, -k + 3*h = -100 + 6. What is the greatest common factor of k and 1150?
50
Let j(m) = m**2 + 42*m - 1148. Let c be j(20). What is the greatest common divisor of 3956 and c?
92
Let m(u) = -8*u - 7. Let l be m(-5). Suppose 3046 = 4*c + k, -2*c + 3*k + 2248 - 760 = 0. Calculate the highest common divisor of c and l.
33
Let v be (174/9)/(1/912*2). Suppose 15*s + 14*s - v = 0. What is the highest common factor of s and 32?
16
Suppose -14*t = 18*t - 128. Suppose 0 = 2*p - 16*j + 14*j - 152, 4*p - 296 = -t*j. What is the highest common factor of p and 45?
15
Suppose 127*q - 135*q + 288 = 0. Calculate the greatest common factor of 5364 and q.
36
Suppose 0 = -37*h + 39*h + 548. Let w = h + 289. Suppose -54 = -5*s + 21. What is the greatest common divisor of s and w?
15
Suppose 0 = -5*a - 5, 2*a = -4*i + 2584 + 3466. Calculate the highest common divisor of i and 51.
17
Suppose -5*g = 2*u - 3*g - 406, -1009 = -5*u - 2*g. What is the greatest common divisor of 60 and u?
3
Let r = -6314 - -14313. What is the highest common factor of 19 and r?
19
Suppose c - 47 = 5*y, -5*c + y + 20 + 167 = 0. Suppose 40 = -2*p - 16. Let a = c + p. Calculate the greatest common divisor of a and 12.
3
Let i be 852/10 + 180/75*2/(-4). What is the highest common divisor of i and 518?
14
Let i be 1071/(-99) - 4/22. Let d be i*(1 + -6 + 3). Let k = d - 7. Calculate the highest common divisor of 120 and k.
15
Let g(f) = 10*f**2 + 2*f + 1. Let m be g(-4). Suppose 0 = -1268*d + 1204*d + 2176. What is the highest common divisor of m and d?
17
Let g(m) = m**3 - 20*m**2 - 19*m - 39. Suppose -4*r + 151 + 17 = 0. Let f be r/2*3*2/6. Let h be g(f). Calculate the highest common divisor of 15 and h.
3
Let a = -3743 - -4062. Calculate the highest common divisor of a and 11.
11
Suppose 2*a - 166 - 184 = 0. Let c(u) = 2518*u**2 - 15095*u + 27. Let f be c(6). What is the greatest common factor of a and f?
35
Let b be (918/(-81))/(-17)*22803/2. Calculate the highest common factor of 99 and b.
11
Let c(g) = -6*g + 6*g**2 + 5 - 34 - 5*g**2. Let a be c(11). Calculate the greatest common divisor of 2 and a.
2
Suppose 3*v = -5*x + 324 + 147, 4*x - v - 370 = 0. Calculate the greatest common divisor of 31 and x.
31
Let y(h) = -h**2 + 14*h + 9. Let q be y(14). Let a(t) = -q*t + 2*t + 2*t - 6. Let x be a(-2). Calculate the highest common factor of x and 28.
4
Let k(o) = o - 312. Let x(v) = -209. Let p(d) = -5*k(d) + 7*x(d). Let m be p(11). What is the greatest common factor of 18 and m?
6
Let o = 23853 + -21951. Calculate the greatest common factor of 12 and o.
6
Let y(m) = 4*m - 17. Let x be y(5). Suppose -2*d = x*k + 144, -3*d + 2*k = d + 288. Let u be (9 - 4)*d/(-15). Calculate the greatest common divisor of 3 and u.
3
Let y = -1001 + 401. Let c = 12 - y. Calculate the highest common factor of 36 and c.
36
Suppose -5*n + 225 + 2830 = 5*a, -5*n + 5*a + 3105 = 0. Calculate the highest common divisor of n and 280.
56
Let u(z) = -12*z**2 - 31*z - 8. Let b be u(-2). Calculate the greatest common factor of b and 54.
6
Let p = 31 - 17. Let n(u) = -10*u**3 + 44*u**2 + 34*u + 1. Let y be n(5). What is the highest common divisor of p and y?
7
Suppose -4*h + 28 + 299 = -3*y, y = -2*h + 141. Calculate the highest common factor of h and 2225.
25
Let o = -14215 - -16585. Calculate the highest common factor of 210 and o.
30
Let z(p) = 8*p + 2. Let m be z(4). Suppose -5*u + 937 = -2*j, 101*j = 4*u + 151*j - 698. Calculate the highest common divisor of m and u.
17
Let y(j) = -j**3 - j**2 + 2*j + 1. Let b be y(0). Let p be 4 - 3/b - 505/(-5). Calculate the highest common divisor of p and 6.
6
Let i(g) = -g**3 - 2*g**2 + 59*g - 18. Let v be i(-9). Let b(s) = 486*s**2 + 2*s - 2. Let c be b(1). What is the greatest common factor of c and v?
18
Suppose 130 = 54*f - 86. Suppose 2*c + 4*y - 79 = -11, f*c - 91 = y. What is the highest common divisor of c and 30?
6
Let o be (2 - -62) + -14 - (1 - 6)*-1. Calculate the highest common divisor of o and 59.
1
Suppose 18*x - 47 = 43. Suppose -3*i = -4*m - 155, x*i - 5*m + 0*m - 250 = 0. What is the greatest common divisor of i and 285?
15
Let c = -134 - -84. Let n = c - -24. Let r = 37 + n. Calculate the greatest common divisor of 44 and r.
11
Suppose d - 28230 = -3*p + 8877, -4*d - 61828 = -5*p. Calculate the greatest common divisor of 32 and p.
16
Suppose 5*q = 25 + 5. Let l(u) = 11604*u + 11602*u - 23204*u + 18 - 6. Let d be l(q). What is the greatest common divisor of 24 and d?
24
Suppose -3709 + 112 = 19*b - 128*b. Calculate the greatest common divisor of 9 and b.
3
Suppose -6*z + 5*m - 60 = -10*z, 2*z = -2*m + 32. Suppose 4*k - 10*j = -9*j + 54, 0 = k + 3*j - z. Calculate the highest common factor of 28 and k.
14
Suppose 5*c + 6*d + 1558 = 3*d, -315 = c + 4*d. Let r = -211 - c. What is the highest common divisor of r and 20?
20
Let s = 4581 - 4541. Calculate the greatest common divisor of 7360 and s.
40
Let h be 327/4 - (19 + 1309/(-68)). What is the greatest common divisor of h and 410?
82
Let h be (6/(-4))/((-49)/(-147) - (-53)/(-150)). Calculate the greatest common factor of h and 240.
15
Let p(h) = h**3 - 46*h**2 + 42*h + 159. Suppose -2*z + 225 = 5*b, b - 45 = -0*b + 3*z. Let k be p(b). What is the highest common factor of k and 300?
12
Suppose 0 = 5*n - s - 1322, 2*s + 55 = n - 204. Let r be (-3)/((-35)/(-25) - 2*1). Calculate the highest common factor of r and n.
5
Suppose -4*r - 4*m = -5*m - 1160, -3*m = r - 303. What is the highest common factor of r and 2425?
97
Let a = 444 + -656. Let u = a + 518. Calculate the greatest common divisor of u and 34.
34
Suppose 2*c - 94 = -3*a + 52, 3*c - 174 = 3*a. What is the greatest common factor of c and 8?
8
Let b = 35437 - 34077. Calculate the greatest common divisor of b and 1160.
40
Let g(k) = -104*k - 3276. Let v be g(-32). What is the greatest common divisor of 4095 and v?
13
Let y = -3056 + 3360. What is the highest common divisor of 190 and y?
38
Let v(c) = 2*c**3 - 8*c**2 + 6*c + 2. Suppose 25*k - 12 = 23*k. Let l be v(k). Calculate the greatest common factor of l and 26.
26
Let r be 4/(-14) - (-400)/28. Suppose -5*w = -4*g + 349, -4*g + 67 + 291 = -2*w. What is the highest common factor of r and g?
7
Let x be 4 + -16 + 6 + 8. Suppose -u - x*u = -2*a + 38, a - 4*u = 24. What is the greatest common factor of 16 and a?
16
Let k = -1568 - -1641. Calculate the highest common divisor of 4453 and k.
73
Suppose 0 = 2*o - 2*v - 44, o = 6*v - 9*v + 22. Let y(x) = -x**3 + 5*x**2 - 6. Let b b